{"id":22,"date":"2025-11-04T16:33:54","date_gmt":"2025-11-04T16:33:54","guid":{"rendered":"http:\/\/capvesta.com\/?page_id=22"},"modified":"2025-12-12T09:08:34","modified_gmt":"2025-12-12T09:08:34","slug":"team","status":"publish","type":"page","link":"https:\/\/capvesta.com\/?page_id=22","title":{"rendered":"Team"},"content":{"rendered":"\n<div class=\"wp-block-columns is-layout-flex wp-container-core-columns-is-layout-9d6595d7 wp-block-columns-is-layout-flex\">\n<div class=\"wp-block-column is-layout-flow wp-block-column-is-layout-flow\">\n<p><strong>J\u00f6rg Brodm\u00fchler<\/strong><\/p>\n\n\n\n<figure class=\"wp-block-image size-large is-resized wp-container-content-e29552f7\"><img loading=\"lazy\" decoding=\"async\" width=\"1024\" height=\"576\" src=\"http:\/\/capvesta.com\/wp-content\/uploads\/2025\/11\/image-1024x576.jpeg\" alt=\"\" class=\"wp-image-48\" style=\"width:372px;height:auto\" srcset=\"https:\/\/capvesta.com\/wp-content\/uploads\/2025\/11\/image-1024x576.jpeg 1024w, https:\/\/capvesta.com\/wp-content\/uploads\/2025\/11\/image-300x169.jpeg 300w, https:\/\/capvesta.com\/wp-content\/uploads\/2025\/11\/image-768x432.jpeg 768w, https:\/\/capvesta.com\/wp-content\/uploads\/2025\/11\/image.jpeg 1182w\" sizes=\"auto, (max-width: 1024px) 100vw, 1024px\" \/><\/figure>\n<\/div>\n\n\n\n<div class=\"wp-block-column is-layout-flow wp-block-column-is-layout-flow\">\n<p><strong>Olivier Gossweiler<\/strong><\/p>\n\n\n\n<figure class=\"wp-block-image size-full is-resized\"><img loading=\"lazy\" decoding=\"async\" width=\"272\" height=\"336\" src=\"http:\/\/capvesta.com\/wp-content\/uploads\/2025\/11\/image-1.jpeg\" alt=\"\" class=\"wp-image-60\" style=\"width:164px;height:auto\" srcset=\"https:\/\/capvesta.com\/wp-content\/uploads\/2025\/11\/image-1.jpeg 272w, https:\/\/capvesta.com\/wp-content\/uploads\/2025\/11\/image-1-243x300.jpeg 243w\" sizes=\"auto, (max-width: 272px) 100vw, 272px\" \/><\/figure>\n<\/div>\n<\/div>\n\n\n\n<div class=\"wp-block-columns is-layout-flex wp-container-core-columns-is-layout-9d6595d7 wp-block-columns-is-layout-flex\">\n<div class=\"wp-block-column is-layout-flow wp-block-column-is-layout-flow\">\n<p>J\u00f6rg ist Strategieberater f\u00fcr Digitale Transformation mit \u00fcber 25 Jahren Erfahrung an der Schnittstelle von Business, IT und Governance. Seit 2024 unterst\u00fctzt er von Z\u00fcrich aus Unternehmen als Freelancer &#8211; von Strategie &amp; Roadmap \u00fcber AI-Readiness bis zur agilen Umsetzung und wirksamen Entscheidungsprozessen in regulierten Umfeldern.<\/p>\n\n\n\n<p>Zuvor baute er bei Aveniq das Beratungsangebot \u201eDigital Business Transformation\u201c mit auf, verantwortete beim Start-up B3i das Service- und Partnermanagement und leitete bei Swiss Re sowie Credit Suisse Vorhaben im Management-Reporting inkl. Near-\/Offshoring. <\/p>\n\n\n\n<p>Weiterbildungen in agilen Methoden und ein Dipl.-Ing. Elektrotechnik\/Automatisierung unterstreichen seinen umsetzungsorientierten Ansatz.<\/p>\n\n\n\n<p>30min online Termin abmachen: <a href=\"https:\/\/calendar.app.google\/ErVsk1KpHhmdw7Lt8\">Kalender J\u00f6rg<\/a><\/p>\n\n\n\n<p>oder eine Mail an: <a href=\"mailto:jb@8ctagon.com\">email J\u00f6rg<\/a><\/p>\n\n\n\n<p><\/p>\n<\/div>\n\n\n\n<div class=\"wp-block-column is-layout-flow wp-block-column-is-layout-flow\">\n<p>Olivier ist Experte f\u00fcr Digitale Business Transformation mit \u00fcber 25 Jahren Erfahrung an der Schnittstelle von Business, IT und Change Management. Seit 2025 unterst\u00fctzt er Unternehmen als Freelance Consultant bei 8ctagon Consulting in Z\u00fcrich \u2013 von der strategischen Ausrichtung \u00fcber Roadmaps und digitale Reifegradmodelle bis zur agilen Umsetzung, Stakeholder-Steuerung und Entscheidungsfindung in komplexen, oft regulierten Umfeldern.<\/p>\n\n\n\n<p>Zuvor beriet er bei Aveniq KMU, Grossunternehmen und \u00f6ffentliche Organisationen zu Digitalstrategien und leitete Transformations- und SAP-S\/4-Programme. Als Program Manager bei der Sonova Gruppe verantwortete er ein globales CRM- und Marketing-Tech-Transformationsprogramm. Davor f\u00fchrte er bei Angst+Pfister den Bereich Digital Innovation &amp; Transformation und entwickelte Konzepte zur Optimierung von IT- und Gesch\u00e4ftsprozessen. Fr\u00fchere Stationen in Digital Marketing, E-Business, Consulting und Engineering runden sein breites, praxisorientiertes Profil ab.<\/p>\n\n\n\n<p>Weiterbildungen in Digitaler Transformation, Marketing Management und Wirtschaftsinformatik sowie ein Executive MBA st\u00e4rken seinen strategischen und zugleich umsetzungsorientierten Ansatz.<\/p>\n\n\n\n<p>30min Termin abmachen: <a href=\"https:\/\/calendar.app.google\/4VDbBZso3FTThTec8\">Kalender Olivier<\/a><\/p>\n\n\n\n<p>oder eine Mail an: <a href=\"mailto:\/\/og@8ctagon.com\">email Olivier<\/a><\/p>\n\n\n\n<p><\/p>\n<\/div>\n<\/div>\n","protected":false},"excerpt":{"rendered":"<p>J\u00f6rg Brodm\u00fchler Olivier Gossweiler J\u00f6rg ist Strategieberater f\u00fcr Digitale Transformation mit \u00fcber 25 Jahren Erfahrung an der Schnittstelle von Business, IT und Governance. Seit 2024 unterst\u00fctzt er von Z\u00fcrich aus [&hellip;]<\/p>\n","protected":false},"author":1,"featured_media":0,"parent":0,"menu_order":3,"comment_status":"closed","ping_status":"closed","template":"","meta":{"footnotes":""},"class_list":["post-22","page","type-page","status-publish","hentry"],"_links":{"self":[{"href":"https:\/\/capvesta.com\/index.php?rest_route=\/wp\/v2\/pages\/22","targetHints":{"allow":["GET"]}}],"collection":[{"href":"https:\/\/capvesta.com\/index.php?rest_route=\/wp\/v2\/pages"}],"about":[{"href":"https:\/\/capvesta.com\/index.php?rest_route=\/wp\/v2\/types\/page"}],"author":[{"embeddable":true,"href":"https:\/\/capvesta.com\/index.php?rest_route=\/wp\/v2\/users\/1"}],"replies":[{"embeddable":true,"href":"https:\/\/capvesta.com\/index.php?rest_route=%2Fwp%2Fv2%2Fcomments&post=22"}],"version-history":[{"count":29,"href":"https:\/\/capvesta.com\/index.php?rest_route=\/wp\/v2\/pages\/22\/revisions"}],"predecessor-version":[{"id":199,"href":"https:\/\/capvesta.com\/index.php?rest_route=\/wp\/v2\/pages\/22\/revisions\/199"}],"wp:attachment":[{"href":"https:\/\/capvesta.com\/index.php?rest_route=%2Fwp%2Fv2%2Fmedia&parent=22"}],"curies":[{"name":"wp","href":"https:\/\/api.w.org\/{rel}","templated":true}]}}